ive c(98).
74
Let z(o) = -7998*o + 6950244. Give z(869).
-18
Let q(t) = 1613*t**2 - 117798*t + 3575. Give q(73).
-2
Let d(z) = -2*z**3 - 179*z**2 - 419*z - 32. Calculate d(-87).
-1424
Let u(n) = 69*n**2 - 7296*n + 87191. Determine u(92).
-25
Let f(c) = c**2 + 1413*c + 27855. What is f(-20)?
-5
Let x(c) = -c**2 - 6055*c - 42. Give x(0).
-42
Let q(b) = 71*b**2 - 9231*b - 184. Calculate q(130).
-314
Let z(m) = m**2 - 2662*m + 1193926. What is z(571)?
-35
Let n(y) = 2*y**3 + 155*y**2 + 232*y - 21166. Give n(-74).
-2
Let k(d) = 77*d**2 + 496*d + 3002. Calculate k(-6).
2798
Let i(d) = -95*d - 4567. Calculate i(-43).
-482
Let k(q) = 14*q**2 - 1233*q + 2808. Calculate k(86).
314
Let x(f) = -8*f**2 - 399*f - 353. What is x(-49)?
-10
Let c(t) = -t**2 - 2467*t + 110522. What is c(44)?
38
Let v(x) = 5*x**3 + 77*x**2 - 944*x + 56. Give v(8).
-8
Let u(y) = -13*y**2 - 561*y - 194. What is u(-43)?
-108
Let j(m) = 13*m**2 - 1525*m + 36163. Calculate j(33).
-5
Let l(u) = -210*u**3 - 1684*u**2 - 41*u - 119. What is l(-8)?
-47
Let q(p) = -p**3 + 33*p**2 - 271*p + 166. What is q(13)?
23
Let k(u) = -127*u**2 + 353*u - 539. Calculate k(8).
-5843
Let i(u) = 361252*u + 1083829. What is i(-3)?
73
Let m(n) = 2*n**2 - 1208*n + 177579. What is m(351)?
-27
Let l(f) = 21194*f + 720575. Calculate l(-34).
-21
Let l(h) = -9*h**2 - 282*h - 1001. Determine l(-26).
247
Let s(v) = -2*v**2 - 72*v - 394. Calculate s(-42).
-898
Let p(o) = 551*o + 30891. Give p(-58).
-1067
Let b(z) = -193813*z + 42638848. Calculate b(220).
-12
Let j(x) = -352*x + 11592. Give j(34).
-376
Let k(h) = -h**2 + 388*h - 21588. Determine k(68).
172
Let a(g) = -1982*g - 49556. What is a(-25)?
-6
Let d(l) = -l**3 - 64*l**2 - 647*l - 242. Calculate d(-12).
34
Let f(i) = 14*i**2 + 77*i + 45. Determine f(-5).
10
Let s(a) = -6598*a - 8108948. Calculate s(-1229).
-6
Let f(t) = -2*t**2 - 117*t - 1627. Determine f(-35).
18
Let g(n) = n**3 - 28*n**2 - 370*n - 945. Give g(-4).
23
Let r(c) = -16781*c - 117491. Calculate r(-7).
-24
Let v(h) = -h**3 - 24*h**2 - 95*h + 445. Determine v(-23).
2101
Let i(t) = -t**2 + 18*t - 262. Give i(48).
-1702
Let p(o) = -4*o**2 + 1118*o - 10835. Give p(10).
-55
Let f(q) = 112*q**3 + 372*q**2 - 737*q - 11. What is f(2)?
899
Let l(t) = -6*t + 740. Determine l(117).
38
Let s(j) = -14*j**2 + 3138*j + 204. Determine s(0).
204
Let u(p) = -23035*p - 207070. Determine u(-9).
245
Let g(v) = -38*v + 245. Determine g(11).
-173
Let z(j) = 3*j**2 - 366*j + 3362. Give z(112).
2
Let b(m) = -5935*m + 59483. What is b(10)?
133
Let c(w) = -w**3 + 16*w**2 + 3357*w - 56837. Determine c(17).
-57
Let s(l) = -l**3 + 76*l**2 - 93*l + 1331. Determine s(75).
-19
Let r(w) = -4*w**2 + 230*w - 1647. Determine r(8).
-63
Let n(i) = 518*i**2 - 1545*i - 33. Give n(3).
-6
Let t(x) = 59016*x + 26498175. Give t(-449).
-9
Let p(t) = 206*t - 27461. Determine p(134).
143
Let n(h) = 1050*h - 27397. Determine n(26).
-97
Let c(t) = t**3 - 15*t**2 + 31*t - 50. What is c(7)?
-225
Let y(v) = -v**2 - 3523*v + 45693. Determine y(13).
-275
Let q(m) = 5046*m + 95851. Calculate q(-19).
-23
Let j(o) = 25*o**2 + 336*o + 1944. Determine j(-6).
828
Let l(c) = 10274*c - 102783. What is l(10)?
-43
Let f(u) = -29*u**2 + 2725*u + 36. What is f(94)?
-58
Let y(q) = 1616*q - 239203. What is y(148)?
-35
Let u(t) = -6*t**3 - 354*t**2 + 4*t - 251. What is u(-59)?
-487
Let g(y) = 3*y**2 - 46*y - 3271. Determine g(-34).
1761
Let b(f) = -16*f**2 - 5089*f - 253. What is b(-318)?
65
Let y(i) = -3*i**2 + 2016*i + 10093. Calculate y(-5).
-62
Let m(q) = 298*q - 10120. Determine m(37).
906
Let t(j) = -2*j**3 - 343*j**2 - 11776*j + 537. What is t(-124)?
41
Let m(u) = -u**3 - 1136*u**2 + 510943*u + 693. Determine m(345).
3
Let j(t) = -471*t**2 - 9897*t - 146. Give j(-21).
-20
Let k(c) = 111008*c + 111164. What is k(-1)?
156
Let c(z) = 79*z**2 + 1673*z + 273. Determine c(-21).
-21
Let f(v) = -2*v**3 + 93*v**2 + 63*v - 1165. Give f(47).
-413
Let g(p) = p**3 - 317*p**2 - 1599*p - 1450. Give g(322).
2092
Let g(q) = q**3 + 8*q**2 + 816*q + 6169. Calculate g(-8).
-359
Let d(r) = -23560*r - 3251259. Calculate d(-138).
21
Let i(x) = -15*x**2 - 4231*x - 151199. Determine i(-42).
43
Let s(j) = -28*j**2 - 668*j - 1387. What is s(-21)?
293
Let j(f) = -19*f**2 - 824*f + 1460. Give j(-43).
1761
Let n(a) = 203*a**2 - 1057*a - 17. What is n(5)?
-227
Let t(i) = -4*i**3 + 332*i**2 - 652*i + 592. Determine t(81).
268
Let y(z) = 11541*z - 196459. What is y(17)?
-262
Let k(t) = -t**3 - 566*t - 1704. Calculate k(-3).
21
Let q(g) = -24*g**3 + 1582*g**2 + 104*g + 1870. Determine q(66).
22
Let o(p) = -25*p**2 - 201*p - 80. Determine o(-6).
226
Let i(z) = -z**3 - 32*z**2 - 61*z - 97. Calculate i(-31).
833
Let a(f) = 80*f**2 + 4955*f + 145. Determine a(-62).
455
Let y(g) = -4609*g + 188942. What is y(41)?
-27
Let i(w) = -w**2 - 30*w + 471. Determine i(-46).
-265
Let x(o) = 2*o**3 - 2087*o**2 + 9342*o + 9313. Give x(1039).
-38
Let y(q) = 2*q**2 - 1142*q + 140762. Determine y(391).
2
Let r(k) = -239*k**2 - 2719*k - 965. What is r(-11)?
25
Let f(m) = -38*m**2 - 2196*m - 30326. Give f(-35).
-16
Let o(b) = b**3 + 153*b**2 + 1111*b + 12986. What is o(-146)?
-8
Let f(u) = -165*u**3 - 9074*u**2 + 50*u - 95. Calculate f(-55).
180
Let b(h) = 54*h**3 - 1729*h**2 - 1756*h + 229. What is b(33)?
-2
Let h(y) = -13*y**2 - 186*y + 1638. Give h(8).
-682
Let b(k) = 29*k + 1367. What is b(-57)?
-286
Let d(j) = -19*j**3 + 87*j**2 - 19*j - 199. Give d(7).
-2586
Let s(r) = -96*r - 11626. Give s(-121).
-10
Let c(u) = u**2 - 617*u - 8793. Determine c(-14).
41
Let q(s) = 2*s**3 - 27*s**2 + 31*s - 38. Calculate q(11).
-302
Let f(i) = -2*i**3 + 55*i**2 + 11*i + 460. Give f(27).
1486
Let n(x) = -824*x - 8607. Determine n(-10).
-367
Let y(a) = 36829*a - 3240948. Determine y(88).
4
Let l(j) = 1349*j + 4929. Give l(-4).
-467
Let s(g) = 123*g - 1731. Determine s(29).
1836
Let x(k) = 16171*k - 598331. Calculate x(37).
-4
Let p(r) = -5*r**3 - 22*r**2 + 29*r - 14. Give p(-9).
1588
Let m(a) = -137*a - 2569. Give m(-14).
-651
Let t(z) = 3*z**3 - 10*z**2 + 844*z - 2500. Determine t(3).
23
Let f(x) = -8*x**2 + 603*x - 215. Calculate f(75).
10
Let b(d) = 15*d**2 + 3282*d + 6562. Give b(-2).
58
Let y(g) = g**2 + 2750*g - 114455. Give y(41).
-24
Let n(h) = -11*h**2 + 376*h - 1462. Calculate n(4).
-134
Let h(m) = -38*m**2 + 1585*m - 8140. Determine h(6).
2
Let g(p) = -46611*p**2 - 1631385*p + 13. What is g(-35)?
13
Let u(p) = 1196*p - 5184. Determine u(5).
796
Let q(b) = 7*b**3 + 50*b**2 + 23*b + 137. Determine q(-7).
25
Let b(i) = -323886*i + 647768. Calculate b(2).
-4
Let k(p) = -8*p**3 - 310*p**2 + 90*p + 474. What is k(-39)?
6
Let s(r) = 109548*r - 2410043. Give s(22).
13
Let m(j) = 13*j**3 - 87*j**2 + 3168*j - 22373. Calculate m(7).
-1
Let h(f) = 13*f**2 - 495*f - 39084. Determine h(-39).
-6
Let r(j) = -12*j**3 - 112*j**2 - 177*j + 2. Give r(-2).
4
Let o(h) = 513*h - 11179. What is o(23)?
620
Let q(o) = -o**3 + 6*o**2 + 786*o - 9334. What is q(14)?
102
Let o(d) = d**3 - 961*d**2 - 86667*d - 1253. Give o(-83).
-8
Let c(t) = 54*t**2 - 6042*t - 9. Give c(112).
663
Let x(s) = -174*s**3 - 2136*s**2 - 584*s + 1. Calculate x(-12).
97
Let p(v) = v**2 + 216261*v - 1081344. Calculate p(5).
-14
Let j(c) = -14702*c - 29409. Determine j(-2).
-5
Let a(i) = -i**3 + 51*i**2 - 104*i - 4. Calculate a(49).
-298
Let g(m) = 2*m**3 + 203*m**2 - 107*m - 455. What is g(-102)?
55
Let q(i) = -113859*i**2 + 569293*i + 11. Calculate q(5).
1
Let k(i) = -984*i**3 + 81674*i**2 - 163*i - 250. Calculate k(83).
-1
Let h(u) = 2*u**2 - 799*u + 70487. Calculate h(268).
3
Let a(t) = 9*t**2 - 106*t + 126. Give a(11).
49
Let r(c) = 11*c**3 - 16*c**2 - 4001*c + 4003. Determine r(1).
-3
Let f(g) = -71*g**3 - 7*g**2 + 720*g - 2856. Give f(4).
-4632
Let x(w) = 1520*w**2 - 4561*w + 5. Calculate x(3).
2
Let b(y) = 8*y**2 + 676*y - 1028. Give b(-86).
4
Let x(y) = -3*y**2 - 344*y - 3454. Calculate x(-104).
-126
Let b(w) = 57*w**2 + 2453*w - 19846. Calculate b(-50).
4
Let f(p) = -p**2 + 354*p - 4212. Give f(342).
-108
Let d(c) = 9*c**2 + 76*c - 4726. Give d(-27).
-217
Let n(u) = -7*u**3 - u**2 + 7*u + 100. What is n(-5)?
915
Let w(c) = -667*c + 10226. Determine w(15).
221
Let q(n) = 3*n**3 - 276*n**2 + 2231*n - 72. Calculate q(9).
-162
Let n(q) = -4*q**3 - 1284*q**2 + 1